{"id":52,"date":"2014-02-25T17:14:42","date_gmt":"2014-02-25T20:14:42","guid":{"rendered":"https:\/\/prograp.ufpr.br\/cepigrad\/?page_id=52"},"modified":"2014-10-29T11:42:06","modified_gmt":"2014-10-29T14:42:06","slug":"52-2","status":"publish","type":"page","link":"https:\/\/prograp.ufpr.br\/cepigrad\/","title":{"rendered":"Coordena\u00e7\u00e3o de Estudos e Pesquisas Inovadoras na Gradua\u00e7\u00e3o"},"content":{"rendered":"<p><a href=\"https:\/\/prograp.ufpr.br\/cepigrad\/wp-content\/uploads\/sites\/7\/2013\/08\/cepigrad.jpg\"><img loading=\"lazy\" decoding=\"async\" class=\"size-full wp-image-11\" alt=\"cepigrad\" src=\"https:\/\/prograp.ufpr.br\/cepigrad\/wp-content\/uploads\/sites\/7\/2013\/08\/cepigrad.jpg\" width=\"178\" height=\"95\" \/><\/a><\/p>\n<p>A <b>CEPIGRAD<\/b> (Coordena\u00e7\u00e3o de Estudos e Pesquisas Inovadoras na Gradua\u00e7\u00e3o) \u00e9 a unidade da PROGRAD que implementa, acompanha e articula a\u00e7\u00f5es e iniciativas nas diversas \u00e1reas do conhecimento, que contribuam com programas, estudos e pesquisas inovadoras na gradua\u00e7\u00e3o; acompanha os programas de pol\u00edticas inclusivas e afirmativas da UFPR.<\/p>\n<p>Congrega tr\u00eas n\u00facleos:<\/p>\n<ul>\n<li><b>NAPNE<\/b>: N\u00facleo de Apoio \u00e0s Pessoas com Necessidades Especiais<\/li>\n<li><b>NUEI<\/b>: N\u00facleo Universit\u00e1rio de Educa\u00e7\u00e3o Ind\u00edgena<\/li>\n<li><b>NEAB<\/b>: N\u00facleo de Estudos Afro-Brasileiros<\/li>\n<\/ul>\n<p>&nbsp;<\/p>\n<p>E-mail para contato: <a href=\"mailto:cepigrad@ufpr.br\">cepigrad@ufpr.br<\/a><\/p>\n<p>Fones: (41) 3310-2659\/(41) 3310-2698<\/p>\n<p>Endere\u00e7o: Pra\u00e7a Santos Andrade, n\u00ba 50 &#8211; Centro &#8211; Curitiba, PR<\/p>\n","protected":false},"excerpt":{"rendered":"<p>A CEPIGRAD (Coordena\u00e7\u00e3o de Estudos e Pesquisas Inovadoras na Gradua\u00e7\u00e3o) \u00e9 a unidade da PROGRAD que implementa, acompanha e articula a\u00e7\u00f5es e iniciativas nas diversas \u00e1reas do conhecimento, que contribuam com programas, estudos e pesquisas inovadoras na gradua\u00e7\u00e3o; acompanha os programas de pol\u00edticas inclusivas e afirmativas da UFPR. Congrega tr\u00eas n\u00facleos: NAPNE: N\u00facleo de Apoio [&hellip;]<\/p>\n","protected":false},"author":13,"featured_media":0,"parent":0,"menu_order":0,"comment_status":"open","ping_status":"open","template":"","meta":{"ngg_post_thumbnail":0,"footnotes":""},"class_list":["post-52","page","type-page","status-publish","hentry"],"_links":{"self":[{"href":"https:\/\/prograp.ufpr.br\/cepigrad\/wp-json\/wp\/v2\/pages\/52","targetHints":{"allow":["GET"]}}],"collection":[{"href":"https:\/\/prograp.ufpr.br\/cepigrad\/wp-json\/wp\/v2\/pages"}],"about":[{"href":"https:\/\/prograp.ufpr.br\/cepigrad\/wp-json\/wp\/v2\/types\/page"}],"author":[{"embeddable":true,"href":"https:\/\/prograp.ufpr.br\/cepigrad\/wp-json\/wp\/v2\/users\/13"}],"replies":[{"embeddable":true,"href":"https:\/\/prograp.ufpr.br\/cepigrad\/wp-json\/wp\/v2\/comments?post=52"}],"version-history":[{"count":16,"href":"https:\/\/prograp.ufpr.br\/cepigrad\/wp-json\/wp\/v2\/pages\/52\/revisions"}],"predecessor-version":[{"id":103,"href":"https:\/\/prograp.ufpr.br\/cepigrad\/wp-json\/wp\/v2\/pages\/52\/revisions\/103"}],"wp:attachment":[{"href":"https:\/\/prograp.ufpr.br\/cepigrad\/wp-json\/wp\/v2\/media?parent=52"}],"curies":[{"name":"wp","href":"https:\/\/api.w.org\/{rel}","templated":true}]}}

Coordenação de Estudos e Pesquisas Inovadoras na Graduação

<p><a href="https://prograp.ufpr.br/cepigrad/wp-content/uploads/sites/7/2013/08/cepigrad.jpg"><img loading="lazy" decoding="async" class="size-full wp-image-11" alt="cepigrad" src="https://prograp.ufpr.br/cepigrad/wp-content/uploads/sites/7/2013/08/cepigrad.jpg" width="178" height="95" /></a></p>
<p>A <b>CEPIGRAD</b> (Coordenação de Estudos e Pesquisas Inovadoras na Graduação) é a unidade da PROGRAD que implementa, acompanha e articula ações e iniciativas nas diversas áreas do conhecimento, que contribuam com programas, estudos e pesquisas inovadoras na graduação; acompanha os programas de políticas inclusivas e afirmativas da UFPR.</p>
<p>Congrega três núcleos:</p>
<ul>
<li><b>NAPNE</b>: Núcleo de Apoio às Pessoas com Necessidades Especiais</li>
<li><b>NUEI</b>: Núcleo Universitário de Educação Indígena</li>
<li><b>NEAB</b>: Núcleo de Estudos Afro-Brasileiros</li>
</ul>
<p>&nbsp;</p>
<p>E-mail para contato: <a href="mailto:cepigrad@ufpr.br">cepigrad@ufpr.br</a></p>
<p>Fones: (41) 3310-2659/(41) 3310-2698</p>
<p>Endereço: Praça Santos Andrade, nº 50 &#8211; Centro &#8211; Curitiba, PR</p>

<p>A CEPIGRAD (Coordenação de Estudos e Pesquisas Inovadoras na Graduação) é a unidade da PROGRAD que implementa, acompanha e articula ações e iniciativas nas diversas áreas do conhecimento, que contribuam com programas, estudos e pesquisas inovadoras na graduação; acompanha os programas de políticas inclusivas e afirmativas da UFPR. Congrega três núcleos: NAPNE: Núcleo de Apoio [&hellip;]</p>
