{"id":68,"date":"2014-05-21T10:45:10","date_gmt":"2014-05-21T13:45:10","guid":{"rendered":"https:\/\/prograp.ufpr.br\/cepigrad\/?page_id=68"},"modified":"2014-11-10T11:40:52","modified_gmt":"2014-11-10T14:40:52","slug":"nuei","status":"publish","type":"page","link":"https:\/\/prograp.ufpr.br\/cepigrad\/nuei\/","title":{"rendered":"NUEI"},"content":{"rendered":"<p><b>N\u00daCLEO UNIVERSIT\u00c1RIO DE EDUCA\u00c7\u00c3O IND\u00cdGENA<\/b><\/p>\n<p><b>\u00a0<\/b>O\u00a0<strong>NUEI<\/strong>\u00a0\u00e9 composto por professores, t\u00e9cnico-administrativos e estudantes e tem como miss\u00e3o a gest\u00e3o das pol\u00edticas de gradua\u00e7\u00e3o voltadas \u00e0 forma\u00e7\u00e3o de estudantes ind\u00edgenas na UFPR. Acompanhar e qualificar as pol\u00edticas de acesso, perman\u00eancia e afirma\u00e7\u00e3o ind\u00edgena na universidade \u00e9 atribui\u00e7\u00e3o do NUEI. Vinculado \u00e0 CEPIGRAD, o NUEI tem como miss\u00e3o ampliar o reconhecimento da sociodiversidade\u00a0ind\u00edgena que integra o componente discente da UFPR promovendo e divulgando a\u00e7\u00f5es voltadas \u00e0 afirma\u00e7\u00e3o dos valores e conhecimentos ind\u00edgenas na Universidade.<\/p>\n<p><strong>ATRIBUI\u00c7\u00d5ES DO NUEI:<\/strong><\/p>\n<p><strong>\u00a0a) ingresso\u00a0<\/strong>(acompanhamento e inclus\u00e3o dos ingressos das vagas de cotas para ind\u00edgenas nos concursos vestibulares da UFPR, nas pol\u00edticas de acesso e perman\u00eancia da Institui\u00e7\u00e3o; participa\u00e7\u00e3o no processo Vestibular dos Povos Ind\u00edgenas no Paran\u00e1 e na Comiss\u00e3o Universidade para os \u00cdndios &#8211; CUIA);<\/p>\n<p>b)\u00a0<strong>receptividade\/acolhimento <\/strong>(pol\u00edtica de informa\u00e7\u00e3o aos calouros que ingressam por meio do\u00a0Vestibular dos Povos Ind\u00edgenas no Paran\u00e1, conforme Resolu\u00e7\u00e3o 37\/04-COUN-UFPR \u00a0e dos concursos vestibulares da UFPR, com base na Lei Federal 12.711\/2012 &#8211; Lei de Cotas\u00a0e \u00a0\u00e0s coordena\u00e7\u00f5es de curso);<\/p>\n<p>c)\u00a0<strong>sustentabilidade <\/strong>(parceria com a PRAE &#8211; moradia, transporte, mobilidade ind\u00edgena, alimenta\u00e7\u00e3o, materiais, bolsas);<\/p>\n<p>d)\u00a0<strong>acompanhamento <\/strong>(Comit\u00ea Gestor, professores orientadores, t\u00e9cnico-administrativo, pedag\u00f3gico e social, participa\u00e7\u00e3o em projetos de ensino, pesquisa e extens\u00e3o envolvendo temas da realidade ind\u00edgena contempor\u00e2nea);<\/p>\n<p>e)\u00a0<strong>institucionaliza\u00e7\u00e3o <\/strong>(flexibiliza\u00e7\u00e3o de crit\u00e9rios administrativos);<\/p>\n<p>f)\u00a0<strong>amplia\u00e7\u00e3o da esfera democr\u00e1tica\u00a0<\/strong>(participa\u00e7\u00e3o de estudantes ind\u00edgenas nos processo de planejamento, execu\u00e7\u00e3o e avalia\u00e7\u00e3o da pol\u00edtica, esferas comunicativas sistem\u00e1ticas com presen\u00e7a de coordenadores, docentes, pesquisadores, t\u00e9cnicos, orientadores, estudantes, etc.)<\/p>\n<p>&nbsp;<\/p>\n<p>&nbsp;<\/p>\n<p>E-mail para contato: <a href=\"mailto:nuei.ufpr@yahoo.com.br\">nuei.ufpr@yahoo.com.br<\/a><\/p>\n<p>Fones: (41) 3310-2659\/(41) 3310-2698<\/p>\n<p>Endere\u00e7o: Pra\u00e7a Santos Andrade, n\u00ba 50 &#8211; Centro &#8211; Curitiba, PR<\/p>\n","protected":false},"excerpt":{"rendered":"<p>N\u00daCLEO UNIVERSIT\u00c1RIO DE EDUCA\u00c7\u00c3O IND\u00cdGENA \u00a0O\u00a0NUEI\u00a0\u00e9 composto por professores, t\u00e9cnico-administrativos e estudantes e tem como miss\u00e3o a gest\u00e3o das pol\u00edticas de gradua\u00e7\u00e3o voltadas \u00e0 forma\u00e7\u00e3o de estudantes ind\u00edgenas na UFPR. Acompanhar e qualificar as pol\u00edticas de acesso, perman\u00eancia e afirma\u00e7\u00e3o ind\u00edgena na universidade \u00e9 atribui\u00e7\u00e3o do NUEI. Vinculado \u00e0 CEPIGRAD, o NUEI tem como miss\u00e3o [&hellip;]<\/p>\n","protected":false},"author":1,"featured_media":0,"parent":0,"menu_order":0,"comment_status":"open","ping_status":"open","template":"","meta":{"ngg_post_thumbnail":0,"footnotes":""},"class_list":["post-68","page","type-page","status-publish","hentry"],"_links":{"self":[{"href":"https:\/\/prograp.ufpr.br\/cepigrad\/wp-json\/wp\/v2\/pages\/68","targetHints":{"allow":["GET"]}}],"collection":[{"href":"https:\/\/prograp.ufpr.br\/cepigrad\/wp-json\/wp\/v2\/pages"}],"about":[{"href":"https:\/\/prograp.ufpr.br\/cepigrad\/wp-json\/wp\/v2\/types\/page"}],"author":[{"embeddable":true,"href":"https:\/\/prograp.ufpr.br\/cepigrad\/wp-json\/wp\/v2\/users\/1"}],"replies":[{"embeddable":true,"href":"https:\/\/prograp.ufpr.br\/cepigrad\/wp-json\/wp\/v2\/comments?post=68"}],"version-history":[{"count":7,"href":"https:\/\/prograp.ufpr.br\/cepigrad\/wp-json\/wp\/v2\/pages\/68\/revisions"}],"predecessor-version":[{"id":171,"href":"https:\/\/prograp.ufpr.br\/cepigrad\/wp-json\/wp\/v2\/pages\/68\/revisions\/171"}],"wp:attachment":[{"href":"https:\/\/prograp.ufpr.br\/cepigrad\/wp-json\/wp\/v2\/media?parent=68"}],"curies":[{"name":"wp","href":"https:\/\/api.w.org\/{rel}","templated":true}]}}

<p><b>NÚCLEO UNIVERSITÁRIO DE EDUCAÇÃO INDÍGENA</b></p>
<p><b> </b>O <strong>NUEI</strong> é composto por professores, técnico-administrativos e estudantes e tem como missão a gestão das políticas de graduação voltadas à formação de estudantes indígenas na UFPR. Acompanhar e qualificar as políticas de acesso, permanência e afirmação indígena na universidade é atribuição do NUEI. Vinculado à CEPIGRAD, o NUEI tem como missão ampliar o reconhecimento da sociodiversidade indígena que integra o componente discente da UFPR promovendo e divulgando ações voltadas à afirmação dos valores e conhecimentos indígenas na Universidade.</p>
<p><strong>ATRIBUIÇÕES DO NUEI:</strong></p>
<p><strong> a) ingresso </strong>(acompanhamento e inclusão dos ingressos das vagas de cotas para indígenas nos concursos vestibulares da UFPR, nas políticas de acesso e permanência da Instituição; participação no processo Vestibular dos Povos Indígenas no Paraná e na Comissão Universidade para os Índios &#8211; CUIA);</p>
<p>b) <strong>receptividade/acolhimento </strong>(política de informação aos calouros que ingressam por meio do Vestibular dos Povos Indígenas no Paraná, conforme Resolução 37/04-COUN-UFPR  e dos concursos vestibulares da UFPR, com base na Lei Federal 12.711/2012 &#8211; Lei de Cotas e  às coordenações de curso);</p>
<p>c) <strong>sustentabilidade </strong>(parceria com a PRAE &#8211; moradia, transporte, mobilidade indígena, alimentação, materiais, bolsas);</p>
<p>d) <strong>acompanhamento </strong>(Comitê Gestor, professores orientadores, técnico-administrativo, pedagógico e social, participação em projetos de ensino, pesquisa e extensão envolvendo temas da realidade indígena contemporânea);</p>
<p>e) <strong>institucionalização </strong>(flexibilização de critérios administrativos);</p>
<p>f) <strong>ampliação da esfera democrática </strong>(participação de estudantes indígenas nos processo de planejamento, execução e avaliação da política, esferas comunicativas sistemáticas com presença de coordenadores, docentes, pesquisadores, técnicos, orientadores, estudantes, etc.)</p>
<p>&nbsp;</p>
<p>&nbsp;</p>
<p>E-mail para contato: <a href="mailto:nuei.ufpr@yahoo.com.br">nuei.ufpr@yahoo.com.br</a></p>
<p>Fones: (41) 3310-2659/(41) 3310-2698</p>
<p>Endereço: Praça Santos Andrade, nº 50 &#8211; Centro &#8211; Curitiba, PR</p>

<p>NÚCLEO UNIVERSITÁRIO DE EDUCAÇÃO INDÍGENA  O NUEI é composto por professores, técnico-administrativos e estudantes e tem como missão a gestão das políticas de graduação voltadas à formação de estudantes indígenas na UFPR. Acompanhar e qualificar as políticas de acesso, permanência e afirmação indígena na universidade é atribuição do NUEI. Vinculado à CEPIGRAD, o NUEI tem como missão [&hellip;]</p>
