{"id":215,"date":"2013-10-01T12:35:58","date_gmt":"2013-10-01T12:35:58","guid":{"rendered":"https:\/\/prograp.ufpr.br\/copep\/?page_id=215"},"modified":"2014-10-31T11:30:43","modified_gmt":"2014-10-31T11:30:43","slug":"graduacao","status":"publish","type":"page","link":"https:\/\/prograp.ufpr.br\/copep\/projetos-pedagogicos\/sept\/graduacao\/","title":{"rendered":"Gradua\u00e7\u00e3o"},"content":{"rendered":"<ul>\n<li><a title=\"Projeto Pedag\u00f3gico\" href=\"http:\/\/www.sept.ufpr.br\/wa_files\/PPP_20-_20CST_20em_20An_C3_A1lise_20e_20Desenvolvimento_20de_20Sistemas.pdf\" target=\"_blank\">Projeto Pedag\u00f3gico<\/a> do curso superior de Tecnologia em An\u00e1lise e Desenvolvimento de Sistemas<\/li>\n<li><a title=\"Projeto Pedag\u00f3gico\" href=\"http:\/\/www.sept.ufpr.br\/wa_files\/PPP_20-_20CST_20em_20Comunica_C3_A7_C3_A3o_20Institucional.pdf\" target=\"_blank\">Projeto Pedag\u00f3gico<\/a> do curso superior de Tecnologia em Comunica\u00e7\u00e3o institucional<\/li>\n<li><a title=\"Projeto Pedag\u00f3gico\" href=\"http:\/\/www.sept.ufpr.br\/wa_files\/PPP_20-_20CST_20em_20Gest_C3_A3o_20de_20qualidade.pdf\">Projeto Pedag\u00f3gico<\/a> do curso superior de Tecnologia em Gest\u00e3o da Qualidade<\/li>\n<li><a title=\"Projeto Pedag\u00f3gico\" href=\"http:\/\/www.sept.ufpr.br\/wa_files\/PPP_20-_20CST_20em_20Gest_C3_A3o_20P_C3_BAblica.PDF\">Projeto Pedag\u00f3gico<\/a> do curso superior de Tecnologia em Gest\u00e3o P\u00fablica<\/li>\n<li><a title=\"Projeto Pedag\u00f3gico\" href=\"http:\/\/www.sept.ufpr.br\/wa_files\/PPP_20-_20CST_20em_20Luteria.pdf\">Projeto Pedag\u00f3gico<\/a> do curso superior de Tecnologia em Luteria<\/li>\n<li><a title=\"Projeto Pedag\u00f3gico\" href=\"http:\/\/www.sept.ufpr.br\/wa_files\/PPP_20-_20CST_20em_20Neg_C3_B3cios_20Imobili_C3_A1rios.pdf\">Projeto Pedag\u00f3gico<\/a> do curso superior de Tecnologia em Neg\u00f3cios Imobili\u00e1rios<\/li>\n<li><a title=\"Projeto Pedag\u00f3gico\" href=\"http:\/\/www.sept.ufpr.br\/wa_files\/PPP_20-_20CST_20em_20Produ_C3_A7_C3_A3o_20C_C3_AAnica.pdf\">Projeto Pedag\u00f3gico<\/a> do curso superior de Tecnologia em Produ\u00e7\u00e3o C\u00eanica<\/li>\n<li><a title=\"Projeto Pedag\u00f3gico\" href=\"http:\/\/www.sept.ufpr.br\/wa_files\/PPP_20-_20CST_20em_20Secretariado.pdf\">Projeto Pedag\u00f3gico<\/a> do curso superior de Tecnologia em Secretariado<\/li>\n<\/ul>\n","protected":false},"excerpt":{"rendered":"<p>Projeto Pedag\u00f3gico do curso superior de Tecnologia em An\u00e1lise e Desenvolvimento de Sistemas Projeto Pedag\u00f3gico do curso superior de Tecnologia em Comunica\u00e7\u00e3o institucional Projeto Pedag\u00f3gico do curso superior de Tecnologia em Gest\u00e3o da Qualidade Projeto Pedag\u00f3gico do curso superior de Tecnologia em Gest\u00e3o P\u00fablica Projeto Pedag\u00f3gico do curso superior de Tecnologia em Luteria Projeto Pedag\u00f3gico [&hellip;]<\/p>\n","protected":false},"author":17,"featured_media":0,"parent":189,"menu_order":0,"comment_status":"open","ping_status":"open","template":"","meta":{"ngg_post_thumbnail":0,"footnotes":""},"class_list":["post-215","page","type-page","status-publish","hentry"],"_links":{"self":[{"href":"https:\/\/prograp.ufpr.br\/copep\/wp-json\/wp\/v2\/pages\/215","targetHints":{"allow":["GET"]}}],"collection":[{"href":"https:\/\/prograp.ufpr.br\/copep\/wp-json\/wp\/v2\/pages"}],"about":[{"href":"https:\/\/prograp.ufpr.br\/copep\/wp-json\/wp\/v2\/types\/page"}],"author":[{"embeddable":true,"href":"https:\/\/prograp.ufpr.br\/copep\/wp-json\/wp\/v2\/users\/17"}],"replies":[{"embeddable":true,"href":"https:\/\/prograp.ufpr.br\/copep\/wp-json\/wp\/v2\/comments?post=215"}],"version-history":[{"count":7,"href":"https:\/\/prograp.ufpr.br\/copep\/wp-json\/wp\/v2\/pages\/215\/revisions"}],"predecessor-version":[{"id":372,"href":"https:\/\/prograp.ufpr.br\/copep\/wp-json\/wp\/v2\/pages\/215\/revisions\/372"}],"up":[{"embeddable":true,"href":"https:\/\/prograp.ufpr.br\/copep\/wp-json\/wp\/v2\/pages\/189"}],"wp:attachment":[{"href":"https:\/\/prograp.ufpr.br\/copep\/wp-json\/wp\/v2\/media?parent=215"}],"curies":[{"name":"wp","href":"https:\/\/api.w.org\/{rel}","templated":true}]}}